 m(w) = -w**3 - 12*w**2 - 20*w + 3. Let z be m(-9). List the prime factors of (-2715)/z - -2*(-3)/(-8).
2, 23
Let t = -10 - -14. Suppose -321 = -t*x + x. List the prime factors of x.
107
What are the prime factors of (-55320)/(-200) - (-2)/5?
277
List the prime factors of (3984/415)/(3/400).
2, 5
Let x(o) = -134*o**3 - 4*o**2 - 8*o - 4. List the prime factors of x(-2).
2, 3, 89
Suppose -3*l = -2*x + 1739, -3*x = -2*x - 4*l - 867. List the prime factors of x.
13, 67
Suppose -3*t + 8*t - 25 = 0. Let q(k) = -2. Let b(m) = m**2 - m - 1. Let z(n) = 3*b(n) - q(n). What are the prime factors of z(t)?
59
Let p = -89 + 74. Let v(n) be the third derivative of -n**4/24 + n**3/2 - 3*n**2. List the prime factors of v(p).
2, 3
Suppose 5*t - 1804 = -4*g + 2*t, -3*g + 1353 = -2*t. List the prime factors of g.
11, 41
Suppose b - 424 + 77 = 0. List the prime factors of b.
347
Let q(h) = 6*h**3 - 9*h**2 + 9*h - 4. Let u be q(5). Let o = u + -340. What are the prime factors of o?
2, 113
Let q = -482 - -1799. What are the prime factors of q?
3, 439
Suppose 5*r - 4*r = -2*i + 166, -3*i = 6. Suppose 0 = -n - n + r. What are the prime factors of n?
5, 17
Suppose -5*h = 3*l - 6901, 364 = 2*l + 5*h - 4230. What are the prime factors of l?
3, 769
Let s(v) = 134*v**2 - 4*v - 18. What are the prime factors of s(-3)?
2, 3, 5
List the prime factors of 10/(-4)*((-608)/20)/2.
2, 19
Let q = 36 - 22. Suppose 0 = -5*r - 2*h + 19 + 8, -h - q = -3*r. Suppose r*w - 36 = 74. List the prime factors of w.
2, 11
Suppose 15*k = -2*k + 16269. What are the prime factors of k?
3, 11, 29
Suppose 11*s = 9*s + 78. Let d = 17 - s. Let t = d + 31. What are the prime factors of t?
3
Suppose 0 = -4*g + i + 18136, -28005 = -5*g + 4*i - 5324. List the prime factors of g.
3, 1511
Let c(u) = -2*u - 2. Let g be c(-1). Suppose 4*k + 0*x = -x + 260, g = 3*k + 3*x - 204. What are the prime factors of k?
2
Suppose -4*x + n - 32 = -9*x, n = 2*x - 10. What are the prime factors of (2 + (-24)/10)/(x/(-2730))?
2, 7, 13
Let v be ((-48)/36)/((-4)/(-18)). Let p = -5 - v. Suppose -g = p - 23. List the prime factors of g.
2, 11
Let v(h) = 30*h. Let t be v(-1). List the prime factors of 344/6 - (-10)/t.
3, 19
Let w be ((0 - 5) + 6)*1*358. Let s = w - 28. List the prime factors of s.
2, 3, 5, 11
Let x be (24/(-20))/(4/(-170)). Suppose -3*m + 150 + x = 0. List the prime factors of m.
67
Suppose 2*f + 0 + 16 = 0. Let z be -1 + -15 + 9 + f. Let m = z + 39. List the prime factors of m.
2, 3
Suppose 0 = 37*z - 2146 - 1184. Suppose 270 + 326 = 4*q. Let j = q - z. List the prime factors of j.
59
What are the prime factors of (2 - 0) + (3816 - -37)?
3, 5, 257
Let h be -2 - -2*2 - 0. Let r(s) = 5*s + 8 + 6 - 7 - h*s. What are the prime factors of r(8)?
31
Let l = -20 + 22. Suppose 26 = l*a + 10. What are the prime factors of a?
2
Let q(p) = -2 + 3 - p - 5 - 2. Let g be q(5). Let c = g + 29. List the prime factors of c.
2, 3
Let w(v) = -2*v**2 + 39*v + 31. What are the prime factors of w(15)?
2, 83
What are the prime factors of 3/((-18)/(-12)) - -585 - 2?
3, 5, 13
Suppose -4*u + 14300 = 3*o, 5*u + 47*o - 17875 = 44*o. List the prime factors of u.
5, 11, 13
Let y = -1639 - -4964. List the prime factors of y.
5, 7, 19
Let o be ((-4)/(-10))/(3/30). Suppose 0 = n - 84 + o. What are the prime factors of n?
2, 5
Let o(i) be the third derivative of 2*i**5/15 - i**3/6 - i**2. Let f be o(-1). Suppose 3*z = f + 35. What are the prime factors of z?
2, 7
Let w = -37 + 41. Suppose 5*q = w*q - 3*y + 83, -4*y = -5*q + 339. What are the prime factors of q?
71
Let w = 72 - 68. Suppose f = 3*u + 169, -w*u = -f - 2*u + 171. List the prime factors of f.
5, 7
Let t = -37 + 40. Suppose t*z + v = 377, 173 + 76 = 2*z + 3*v. What are the prime factors of z?
2, 3, 7
Suppose 0 = -q + 3*t - 15, 0 = 3*q - t + 3 + 2. Suppose -l + 4*l = q. Let x = 5 - l. List the prime factors of x.
5
Suppose -5*b = 2*t + 10 + 15, -2*t - b = 37. Let v = -41 - t. Let z = v + 35. What are the prime factors of z?
2, 7
Let p(a) = a - 8. Suppose 0 = -2*w + 10 + 14. Let c be p(w). Suppose -c*u + 70 - 14 = 0. What are the prime factors of u?
2, 7
Let j = -473 + 812. What are the prime factors of j?
3, 113
Let g(m) = -m + 504. Let y be g(0). Suppose -3*l + y = 3*l. List the prime factors of l.
2, 3, 7
Suppose 806 = -361*x + 363*x. List the prime factors of x.
13, 31
Suppose 5*z + 27 = -5*a + 2*a, -3*z - 29 = 5*a. Suppose -22*i + 13*i = -144. What are the prime factors of (3/(-1))/(z/i)?
2
Let o be (-2 + -1)*(-3 + (-8)/(-2)). What are the prime factors of -8*o/(-18) + (-745)/(-3)?
13, 19
Let u(b) = 5*b - 15. Let q be u(3). Let m(g) = g + 23. What are the prime factors of m(q)?
23
Let p = -1596 - -2834. What are the prime factors of p?
2, 619
Suppose -7 = -m + 14. Suppose -5*g + 21 = 4*f, 3*f + g = 32 - 8. What are the prime factors of 27/f - (-1 - m)?
5
Suppose w + 5*i - 175 = 0, 260 - 1075 = -4*w + 3*i. Let c = w + -110. What are the prime factors of c?
2, 3, 5
List the prime factors of 32/6 - 2/6.
5
Let h(o) = 71*o**3 + 3*o**2 - 6*o + 2. Let r be h(2). Suppose -r = -4*n - n. What are the prime factors of n?
2, 3, 19
Suppose 6*o + 4*t = 2*o + 12, -7 = -2*o - 3*t. Suppose -3*q + 7*q = -2*n + 24, 0 = -3*n + o*q + 4. What are the prime factors of (-5)/(-15)*(137 + n)?
47
Let k = 130 - -166. List the prime factors of k.
2, 37
Let g be 2*-1*12/(-6). Suppose 3*b = 5 + g. Suppose 2*t - t + 26 = 3*c, -4*c - 5*t + b = 0. List the prime factors of c.
7
Let h = -23 - -46. Suppose 65 = 2*i + h. Let s = -14 + i. What are the prime factors of s?
7
Let m(u) = 42*u - 65. What are the prime factors of m(10)?
5, 71
Let x(j) = -9*j + 3. Let d(r) = -8*r + 4. Suppose -3*g = 2*g - v - 24, -2*v - 4 = g. Let l(u) = g*d(u) - 5*x(u). List the prime factors of l(3).
2, 5
Suppose 2*t = -3*t. Suppose a + 1 = -t*a, 2*a + 42 = 5*b. Let p = b + 8. What are the prime factors of p?
2
Let k = 134 - 232. What are the prime factors of ((-1)/(-2))/((-1)/k)?
7
Suppose 5*q = -b + 28, 3*b - 3*q + 4 = -2. Suppose b*r - 366 = -2*g, r = -g + 6*r + 183. List the prime factors of g.
3, 61
Suppose -3*s + 5 = -7. Suppose -49 = -5*i + 4*q + 154, -q + 154 = s*i. List the prime factors of i.
3, 13
Let h(x) = 46*x**2 - 6*x + 1. Suppose 23 = 5*q + 18. What are the prime factors of h(q)?
41
Suppose 4*z + 28 = 920. List the prime factors of z.
223
Let i(f) = 15*f + 34. List the prime factors of i(22).
2, 7, 13
What are the prime factors of 29/(100/(-52) + 2)?
13, 29
List the prime factors of (780/35)/((-6)/(-63)).
2, 3, 13
Suppose 4*h + 0*h = 20. Suppose -81 = -b - b + 5*c, -3*b - h*c = -84. Let d = 61 - b. What are the prime factors of d?
2, 7
Let z(c) = 118*c**2 + 4 - 5 + 16*c - 18*c. Let w be z(-1). Suppose -3*h + 2*y + w = 0, -h - 5*y + 15 = -19. List the prime factors of h.
3, 13
Suppose -5*h = -135 - 670. Let r = h + -131. List the prime factors of r.
2, 3, 5
Let c = 936 - 475. What are the prime factors of c?
461
Suppose 175*l - 6390 = 170*l. List the prime factors of l.
2, 3, 71
Let g = 24 + -21. Suppose -g*i - 2*j = -i - 24, j = -5*i + 48. What are the prime factors of i?
3
Suppose 0 = 3*s - 8 - 7. Suppose 3*d = s*d - 4. Suppose -d*r - v + 12 = -25, 2*v + 79 = 5*r. List the prime factors of r.
17
Let d be 0/(-3 - (-2 + 1)). Let a = 20 - d. What are the prime factors of a?
2, 5
Let x be ((-7)/2 + 4)*64. Let c = x - 13. What are the prime factors of c?
19
Suppose 2*k = 2*t - 359 - 185, 0 = -4*t + 2*k + 1082. Suppose 3*j + 4*m - 689 = 0, 440 + t = 3*j - m. What are the prime factors of j?
5, 47
Let p(s) = -17*s - 214. What are the prime factors of p(-26)?
2, 3, 19
Let l be (-78)/(-14) + -1 + 4/(-7). Suppose 2*g + 4*w = 6*w + 314, l*w = 3*g - 469. List the prime factors of g.
3, 53
List the prime factors of 100/(-8)*1122/45*-6.
2, 5, 11, 17
Let s be (-3)/(-18) - 179/(-6). Let u = s + -13. List the prime factors of u.
17
Let k(p) be the second derivative of -7*p**3/6 - 51*p**2/2 + 26*p. List the prime factors of k(-10).
19
Let c(t) = 586*t - 8. Let i be c(2). Suppose -864 = -12*w + i. List the prime factors of w.
13
Suppose 0 = 4*t + c + 2*c - 463, 0 = 4*t - 4*c - 428. Let g(y) = y**2 - 3*y - 13. Let u be g(11). Let x = t - u. List the prime factors of x.
37
Let v = -11 - -10. Let g(n) = 3*n**2 + n + 2. List the prime factors